at is the hundreds digit of 3043155?
1
What is the ten thousands digit of 20978998?
7
What is the hundreds digit of 2803354?
3
What is the tens digit of 4430774?
7
What is the millions digit of 28780495?
8
What is the thousands digit of 6403?
6
What is the tens digit of 714513?
1
What is the ten thousands digit of 4435729?
3
What is the hundred thousands digit of 1159094?
1
What is the units digit of 1748459?
9
What is the hundred thousands digit of 278012?
2
What is the units digit of 410351?
1
What is the hundred thousands digit of 557077?
5
What is the ten thousands digit of 429063?
2
What is the tens digit of 1858743?
4
What is the hundreds digit of 3740302?
3
What is the ten thousands digit of 268982?
6
What is the tens digit of 588366?
6
What is the hundred thousands digit of 512396?
5
What is the millions digit of 2861219?
2
What is the units digit of 5443018?
8
What is the tens digit of 418459?
5
What is the units digit of 5213602?
2
What is the ten thousands digit of 547723?
4
What is the ten thousands digit of 70102?
7
What is the millions digit of 9629729?
9
What is the ten thousands digit of 12916305?
1
What is the hundreds digit of 1288407?
4
What is the units digit of 229104?
4
What is the hundreds digit of 736471?
4
What is the ten thousands digit of 104114?
0
What is the units digit of 190706?
6
What is the thousands digit of 1198527?
8
What is the units digit of 38154629?
9
What is the hundred thousands digit of 898823?
8
What is the tens digit of 310558?
5
What is the units digit of 312234?
4
What is the thousands digit of 1693945?
3
What is the millions digit of 4628278?
4
What is the hundreds digit of 314352?
3
What is the units digit of 538622?
2
What is the tens digit of 1519675?
7
What is the units digit of 1991766?
6
What is the units digit of 5973496?
6
What is the thousands digit of 6581?
6
What is the hundreds digit of 247861?
8
What is the thousands digit of 8862?
8
What is the ten thousands digit of 113371?
1
What is the millions digit of 6125928?
6
What is the thousands digit of 6721035?
1
What is the tens digit of 837108?
0
What is the hundred thousands digit of 191037?
1
What is the units digit of 717718?
8
What is the hundreds digit of 256979?
9
What is the units digit of 1566315?
5
What is the hundreds digit of 661416?
4
What is the millions digit of 2415648?
2
What is the ten thousands digit of 4445294?
4
What is the ten millions digit of 15830844?
1
What is the thousands digit of 11311081?
1
What is the tens digit of 9509433?
3
What is the units digit of 1303983?
3
What is the tens digit of 350497?
9
What is the hundreds digit of 1089532?
5
What is the thousands digit of 670926?
0
What is the thousands digit of 2202745?
2
What is the tens digit of 9410384?
8
What is the ten thousands digit of 1531630?
3
What is the ten thousands digit of 1395427?
9
What is the tens digit of 702502?
0
What is the hundred thousands digit of 4654740?
6
What is the ten thousands digit of 24041347?
4
What is the thousands digit of 940650?
0
What is the thousands digit of 119843?
9
What is the units digit of 30718?
8
What is the hundreds digit of 3729453?
4
What is the units digit of 310311?
1
What is the thousands digit of 14677077?
7
What is the ten thousands digit of 32975636?
7
What is the hundreds digit of 589669?
6
What is the ten millions digit of 11553221?
1
What is the thousands digit of 1374331?
4
What is the units digit of 11785?
5
What is the units digit of 1305905?
5
What is the ten thousands digit of 30831885?
3
What is the hundreds digit of 704551?
5
What is the thousands digit of 1184950?
4
What is the tens digit of 596762?
6
What is the ten thousands digit of 1561744?
6
What is the hundreds digit of 4927280?
2
What is the units digit of 449690?
0
What is the tens digit of 308637?
3
What is the millions digit of 2275403?
2
What is the units digit of 502904?
4
What is the hundred thousands digit of 766854?
7
What is the ten millions digit of 20688191?
2
What is the units digit of 310752?
2
What is the hundreds digit of 306974?
9
What is the units digit of 598625?
5
What is the hundreds digit of 32658?
6
What is the ten thousands digit of 42325?
4
What is the hundreds digit of 2533870?
8
What is the ten thousands digit of 163431?
6
What is the thousands digit of 160674?
0
What is the hundred thousands digit of 294733?
2
What is the ten thousands digit of 15173542?
7
What is the hundred thousands digit of 2512355?
5
What is the tens digit of 727138?
3
What is the tens digit of 2315494?
9
What is the units digit of 1703645?
5
What is the millions digit of 1240970?
1
What is the ten thousands digit of 207814?
0
What is the hundreds digit of 146505?
5
What is the hundred thousands digit of 433264?
4
What is the hundred thousands digit of 1673429?
6
What is the hundred thousands digit of 834936?
8
What is the ten thousands digit of 11388057?
8
What is the units digit of 249632?
2
What is the tens digit of 17333507?
0
What is the hundred thousands digit of 190411?
1
What is the tens digit of 5252596?
9
What is the hundreds digit of 165769?
7
What is the ten thousands digit of 1080184?
8
What is the tens digit of 108868?
6
What is the units digit of 8615686?
6
What is the units digit of 121997?
7
What is the hundreds digit of 152036?
0
What is the thousands digit of 3107712?
7
What is the hundred thousands digit of 614675?
6
What is the millions digit of 9828548?
9
What is the thousands digit of 9040759?
0
What is the hundred thousands digit of 8205507?
2
What is the hundreds digit of 5937552?
5
What is the millions digit of 5238296?
5
What is the thousands digit of 807858?
7
What is the hundreds digit of 12402710?
7
What is the millions digit of 1204415?
1
What is the hundreds digit of 66117?
1
What is the ten thousands digit of 2425642?
2
What is the hundreds digit of 33049?
0
What is the hundred thousands digit of 270990?
2
What is the units digit of 313379?
9
What is the units digit of 25067214?
4
What is the units digit of 2743513?
3
What is the hundred thousands digit of 539800?
5
What is the units digit of 378574?
4
What is the ten thousands digit of 477060?
7
What is the hundred thousands digit of 24389314?
3
What is the thousands digit of 20983970?
3
What is the ten thousands digit of 14930?
1
What is the thousands digit of 17435?
7
What is the thousands digit of 9001309?
1
What is the millions digit of 1171787?
1
What is the tens digit of 592838?
3
What is the ten thousands digit of 122041?
2
What is the thousands digit of 159410?
9
What is the hundreds digit of 322169?
1
What is the ten thousands digit of 675924?
7
What is the ten thousands digit of 1101061?
0
What is the tens digit of 19061840?
4
What is the ten thousands digit of 5601935?
0
What is the millions digit of 1796638?
1
What is the tens digit of 5555916?
1
What is the tens digit of 6227147?
4
What is the thousands digit of 526530?
6
What is the ten thousands digit of 866952?
6
What is the hundred thousands digit of 300793?
3
What is the thousands digit of 133268?
3
What is the hundred thousands digit of 165531?
1
What is the ten thousands digit of 108015?
0
What is the hundred thousands digit of 597819?
5
What is the hundred thousands digit of 19539241?
5
What is the hundred thousands digit of 10431045?
4
What is the hundred thousands digit of 6611156?
6
What is the ten thousands digit of 89279?
8
What is the hundreds digit of 2349452?
4
What is the units digit of 222166?
6
What is the hundred thousands digit of 310947?
3
What is the tens digit of 756891?
9
What is the ten thousands digit of 4235015?
3
What is the ten thousands digit of 118354?
1
What is the units digit of 2903922?
2
What is the units digit of 66783?
3
What is the hundreds digit of 681192?
1
What is the tens digit of 1069983?
8
What is the hundreds digit of 119589?
5
What is the thousands digit of 116572?
6
What is the units digit of 967673?
3
What is the thousands digit of 9877607?
7
What is the units digit of 8087855?
5
What is the ten thousands digit of 1113994?
1
What is the hundreds digit of 2376612?
6
What is the tens digit of 54145?
4
What is the units digit of 84102?
2
What is the hundred thousands digit of 1535958?
5
What is the thousands digit of 940445?
0
What is the 